1?
11110
In base 14, what is 59 + -56?
3
In base 8, what is 141 + 5?
146
In base 4, what is 1 + 230?
231
In base 16, what is 5 - f2?
-ed
In base 7, what is -5 - 1455?
-1463
In base 5, what is 432 + -3?
424
In base 12, what is -1620 + -2?
-1622
In base 15, what is 3 + -10c?
-109
In base 11, what is -87 - -308?
231
In base 4, what is -12 + 320?
302
In base 7, what is -155 + 3?
-152
In base 8, what is -1 + -453?
-454
In base 12, what is 76 - -6?
80
In base 4, what is -13 + 10?
-3
In base 11, what is 122 + 7?
129
In base 15, what is 248 + 2?
24a
In base 2, what is -111 - -100110110?
100101111
In base 12, what is -17 - 9?
-24
In base 5, what is 320 - 1013?
-143
In base 10, what is 2423 - 3?
2420
In base 5, what is -1022 + 3?
-1014
In base 7, what is -22 - -533?
511
In base 16, what is 5b9 + 3?
5bc
In base 11, what is 1 - 168?
-167
In base 8, what is 7 - 2?
5
In base 9, what is -5 - -103?
87
In base 6, what is -353 + 21?
-332
In base 10, what is 20 - 334?
-314
In base 13, what is -b + -26?
-34
In base 16, what is 4 - 6?
-2
In base 10, what is -106 + -121?
-227
In base 7, what is 25 - 1240?
-1212
In base 5, what is 4 + -21112?
-21103
In base 6, what is 1 + -402?
-401
In base 6, what is -23312 + 4?
-23304
In base 8, what is 0 - -6152?
6152
In base 10, what is 0 - 52?
-52
In base 6, what is 12353 + -1?
12352
In base 10, what is 20 + 14?
34
In base 14, what is 11d + 5?
124
In base 13, what is 33 + 0?
33
In base 14, what is -15 + -9?
-20
In base 7, what is 542 - 142?
400
In base 5, what is 11 + -21?
-10
In base 16, what is -d - -a?
-3
In base 4, what is -110 - 200?
-310
In base 4, what is -11 + -202232?
-202303
In base 11, what is a - 3?
7
In base 4, what is 0 + -221?
-221
In base 6, what is -1443 + -3?
-1450
In base 12, what is 2a - -3a?
68
In base 14, what is 4 + -20?
-1a
In base 12, what is -55a - 0?
-55a
In base 14, what is -42 + -c?
-50
In base 8, what is 1 - -1041?
1042
In base 5, what is -121124 - -14?
-121110
In base 11, what is -68 + 10?
-58
In base 9, what is 8 + 71?
80
In base 8, what is 41 - 13?
26
In base 13, what is -68 - 2?
-6a
In base 16, what is -3 - 4?
-7
In base 8, what is -2476 - -4?
-2472
In base 12, what is 122 + 18?
13a
In base 2, what is 11 - 100011100011?
-100011100000
In base 12, what is 0 - -79?
79
In base 13, what is 1 - -b?
c
In base 11, what is 135 + -3?
132
In base 6, what is 21405 - 4?
21401
In base 13, what is -131 + 4?
-12a
In base 2, what is 1110001110 + -11011?
1101110011
In base 7, what is -3 + 11126?
11123
In base 4, what is 2 - -220013?
220021
In base 13, what is -12 - 3a?
-4c
In base 10, what is -5 - -2654?
2649
In base 2, what is -111 + 100110?
11111
In base 2, what is -100010000100010 - -100?
-100010000011110
In base 16, what is 5 - -2a9?
2ae
In base 15, what is -574 - 3?
-577
In base 4, what is -22020 + 11?
-22003
In base 11, what is -67 - 83?
-13a
In base 9, what is 3 + -36?
-33
In base 10, what is 5 - 36?
-31
In base 15, what is -2 + 6d9?
6d7
In base 8, what is 271 - 63?
206
In base 16, what is 0 - -65?
65
In base 16, what is 17 + d?
24
In base 12, what is 4 + -374?
-370
In base 5, what is 4 - 4340?
-4331
In base 12, what is 4 + -56?
-52
In base 11, what is -28 + 3?
-25
In base 10, what is -1 - 37?
-38
In base 10, what is -1 + 36?
35
In base 6, what is 5 - 51?
-42
In base 11, what is 3 + 32?
35
In base 9, what is -25 + -2775?
-2811
In base 15, what is 3be + 4?
3c3
In base 3, what is 1002000 - -2?
1002002
In base 13, what is -5 - 17?
-1c
In base 9, what is 1405 + -13?
1382
In base 7, what is -414 - 1?
-415
In base 5, what is 120 - 20?
100
In base 6, what is -14 - -5?
-5
In base 9, what is 5611 + 0?
5611
In base 5, what is -1121 + -130?
-1301
In base 8, what is -1 + -1367?
-1370
In base 3, what is -122 + 101012?
100120
In base 5, what is 113 + 114?
232
In base 6, what is 4211 + 5?
4220
In base 16, what is 42 + 4?
46
In base 7, what is 0 + 2440?
2440
In base 4, what is -21 + 3312?
3231
In base 5, what is 10 - -3314?
3324
In base 9, what is 51 - 246?
-185
In base 6, what is -555 - -5?
-550
In base 3, what is -11 - -1222?
1211
In base 11, what is 13 + -9a?
-87
In base 7, what is 4 + 1302?
1306
In base 12, what is -5b69 + 3?
-5b66
In base 4, what is -23203 + 1?
-23202
In base 3, what is -11202 + 0?
-11202
In base 11, what is -1 - 8?
-9
In base 13, what is 101 + -54?
7a
In base 14, what is 10 - 5d?
-4d
In base 5, what is 412 + -10?
402
In base 5, what is 2 - 3?
-1
In base 4, what is -230111 - -10?
-230101
In base 11, what is 43 - 21?
22
In base 12, what is 3 - 0?
3
In base 16, what is 52 + 5?
57
In base 13, what is -4 - -36a?
366
In base 14, what is -4 + -21a?
-220
In base 4, what is -1033 - -2?
-1031
In base 8, what is -5 - -2451?
2444
In base 15, what is -10c + 4?
-108
In base 16, what is -e + -1b?
-29
In base 6, what is -3 + -14422?
-14425
In base 15, what is 20 + -3?
1c
In base 4, what is -121 + -21?
-202
In base 2, what is 1 - -101?
110
In base 10, what is 381 + -1?
380
In base 11, what is -375 - -42?
-333
In base 10, what is 385 - 5?
380
In base 13, what is -1b + 1?
-1a
In base 10, what is -34 + 4?
-30
In base 6, what is -1 - -25?
24
In base 15, what is b2 + -1c?
95
In base 7, what is 3 - -23456?
23462
In base 13, what is -64 - 111?
-175
In base 8, what is -5413 + -3?
-5416
In base 16, what is -5 - -1?
-4
In base 14, what is -11a + -8?
-124
In base 9, what is 14 - -42?
56
In base 7, what is 200 - -1?
201
In base 15, what is 1c14 - -3?
1c17
In base 11, what is 0 + -2731?
-2731
In base 8, what is 1 - 376?
-375
In base 11, what is 769 + -5?
764
In base 15, what is -9 - -b3?
a9
In base 13, what is -3 - 121?
-124
In base 6, what is 4 - 2102?
-2054
In base 7, what is -32 - -12?
-20
In base 6, what is -111 - -140?
25
In base 6, what is -40330 - 4?
-40334
In base 14, what is a + -5?
5
In base 5, what is -2 - -424?
422
In base 9, what is 53 - 2?
51
In base 6, what is -4 - 230?
-234
In base 13, what is 2 - 69?
-67
In base 8, what is 2341 - -35?
2376
In base 4, what is -223120 + 2?
-223112
In base 6, what is 14244 - 1?
14243
In base 10, what is 297 + -4?
293
In base 6, what is 324 + -31?
253
In base 7, what is -4 - 1455?
-1462
In base 12, what is -55 + 2?
-53
In base 3, what is 1 + -20220?
-20212
In base 2, what is -1000101 - 1001111?
-10010100
In base 2, what is 10111000101 + 1?
10111000110
In base 9, what is 10870 - -3?
10873
In base 3, what is -12 - -210212?
210200
In base 7, what is -121 + -4?
-125
In base 2, what is 10111101 + 100?
11000001
In base 15, what is -4 - 4?
-8
In base 4, what is -20 - 322?
-1002
In base 7, what is 6135 - -6?
6144
In base 13, what is -7 - -8?
1
In base 9, what is 0 + 86?
86
In base 6, what is 0 - -424?
424
In base 12, what is -21 + 45?
24
In base 2, what is 10101000000 - -11?
10101000011
In base 6, what is 2 - 250?
-244
In base 8, what is -710 - -4?
-704
In base 9, what is 1004 + 8?
1013
In base 3, what is -12012 + 2?
-12010
In base 13, what is 1c4 - -2?
1c6
In base 15, what is 18 + 71?
89
In base 15, what is -cb60 - 5?
-cb65
In base 3, what is 212121 - 101?
212020
In base 16, what is -e - -3d?
2f
In base 14, what is -3a + 59?
1d
In base 15, what is -5 - -5c?
57
In base 12, what is -10 - 331?
-341
In base 7, what is 340 - 53?
254
In base 5, what is 101 + -44?
2
In base 5, what is -331 - -4?
-322
In base 16, what is 15b - 2?
159
In base 12, what is -402 - -4?
-3ba
In base 5, what is -10 - -10100?
10040
In base 16, what is 5 - 62?
-5d
In base 4, what is 10320102 - -10?
10320112
In base 14, what is -1 - -b6?
b5
In base 6, what is 3400 - -3?
3403
In base 8, what is 10 + 201?
211
In base 5, what is -1344 + -20?
-1414
In base 10, what is 7 - 112?
-105
In base 7, what is 143 - 5?
135
In base 14, what is 1923 - -5?
1928
In base 2, what is 1 - -11010100?
11010101
In base 4, what is -10321 - -2?
-10313
In base 4, what is 10 - 120323?
-120313
In base 2, what is 101 + 111100?
1000001
In base 12, what is -6b - -3?
-68
In base 8, what is 53 - -77?
152
In base 3, what is 222202 - 12?
222120
In base 8, what is 61 - 114?
-33
In base 11, what is 2 - -46?
48
In base 13, what is -3 - -131?
12b
In base 11, what is 2 - 2095?
-2093
In base 2, what is 111 - 110000000?
-101111001
In base 3, what is -11 + 1011102?
1011021
In base 8, what is 11 - 0?
11
In base 6, what is -1 - -1?
0
In base 4, what is -2032310 - 